-- ============================================================================
-- Fichier      : testTypeMielPlusRecolte.sql
-- Auteur       : PASQUIER Léo
-- Date         : 23/12/2020
-- Base         : Ruche
-- Rôle			: Jeu de test pour la requete "Quel est le type de miel le
--                plus récolté ?".
-- Résultat     : testTypeMielPlusRecolte.out
-- ============================================================================

-- ============================================================================
-- Modification du format de la date pour se conformer aux données du programme de test
-- ============================================================================

ALTER SESSION SET NLS_DATE_FORMAT = 'dd/mm/yyyy';

-- ============================================================================
-- Suppression des nuplets de la base de données.
-- ============================================================================

@../utilitaires/vider_base_ruche.sql

-- ============================================================================
-- Jeu de test pour le domaine valide :
-- ============================================================================

-- Cas 1 : Le type de miel le plus récolté.
-- L'apiculteur :
INSERT INTO APICULTEUR (IDAPI, NOMAPI, PRENOMAPI, TELAPI, MAILAPI, ADRAPI)
VALUES (1, 'Example1', 'EXAMPLE1', '0611223344', 'exemple1@mail.org', 'Exemple Ville');
-- Les ruchers :
INSERT INTO RUCHER (IDRUCHER, TYPEMIEL)
VALUES (1, 'acacia');
INSERT INTO RUCHER (IDRUCHER, TYPEMIEL)
VALUES (2, 'acacia');
INSERT INTO RUCHER (IDRUCHER, TYPEMIEL)
VALUES (3, 'acacia');
-- Les ruches :
INSERT INTO RUCHE (IDRU, NBCADRE, IDAPI, IDRUCHER)
VALUES (1, 10, 1, 1);
INSERT INTO RUCHE (IDRU, NBCADRE, IDAPI, IDRUCHER)
VALUES (2, 10, 1, 1);
INSERT INTO RUCHE (IDRU, NBCADRE, IDAPI, IDRUCHER)
VALUES (3, 10, 1, 2);
INSERT INTO RUCHE (IDRU, NBCADRE, IDAPI, IDRUCHER)
VALUES (4, 10, 1, 3);
-- Les récoltes :
INSERT INTO RECOLTE (IDRU, DATEREC, MASSE)
VALUES (1, TO_DATE('01/01/2020', 'DD/MM/YYYY'), 1);
INSERT INTO RECOLTE (IDRU, DATEREC, MASSE)
VALUES (2, TO_DATE('01/01/2020', 'DD/MM/YYYY'), 2);
INSERT INTO RECOLTE (IDRU, DATEREC, MASSE)
VALUES (2, TO_DATE('02/01/2020', 'DD/MM/YYYY'), 2);
INSERT INTO RECOLTE (IDRU, DATEREC, MASSE)
VALUES (3, TO_DATE('01/01/2020', 'DD/MM/YYYY'), 5);
INSERT INTO RECOLTE (IDRU, DATEREC, MASSE)
VALUES (4, TO_DATE('01/01/2020', 'DD/MM/YYYY'), 5);

-- ============================================================================
-- Jeu de test pour le domaine invalide :
-- ============================================================================

-- Cas 2 : Un type de miel moins récolté que le plus récolté.
-- Les ruchers :
INSERT INTO RUCHER (IDRUCHER, TYPEMIEL)
VALUES (4, 'colza');
INSERT INTO RUCHER (IDRUCHER, TYPEMIEL)
VALUES (5, 'colza');
-- Les ruches :
INSERT INTO RUCHE (IDRU, NBCADRE, IDAPI, IDRUCHER)
VALUES (5, 10, 1, 4);
INSERT INTO RUCHE (IDRU, NBCADRE, IDAPI, IDRUCHER)
VALUES (6, 10, 1, 4);
INSERT INTO RUCHE (IDRU, NBCADRE, IDAPI, IDRUCHER)
VALUES (7, 10, 1, 5);
-- Les récoltes :
INSERT INTO RECOLTE (IDRU, DATEREC, MASSE)
VALUES (5, TO_DATE('01/01/2020', 'DD/MM/YYYY'), 1);
INSERT INTO RECOLTE (IDRU, DATEREC, MASSE)
VALUES (6, TO_DATE('01/01/2020', 'DD/MM/YYYY'), 2);
INSERT INTO RECOLTE (IDRU, DATEREC, MASSE)
VALUES (6, TO_DATE('02/01/2020', 'DD/MM/YYYY'), 3);
INSERT INTO RECOLTE (IDRU, DATEREC, MASSE)
VALUES (7, TO_DATE('01/01/2020', 'DD/MM/YYYY'), 4);

-- ============================================================================
-- Gestion de l'affichage du fichier résultat :
-- ============================================================================

SPOOL typeMielPlusRecolte/testTypeMielPlusRecolte.out

PROMPT Fichier resultat du test : testTypeMielPlusRecolte.out
@../utilitaires/presentation_ruche.sql
@../utilitaires/afficher_base_ruche.sql

-- ============================================================================
-- Requête à tester :
-- ============================================================================

PROMPT Resultat de la requete :
SET echo ON
@typeMielPlusRecolte/typeMielPlusRecolte.sql
SET echo OFF

-- ============================================================================
-- Fin du programme de test
-- ============================================================================

SPOOL OFF