-- ============================================================================
-- Fichier      : testPartageRuchers.sql
-- Auteur       : PASQUIER Léo
-- Date         : 23/12/2020
-- Base         : Ruche
-- Rôle			: Jeu de test pour la requete "Jean MARTIN est apiculteur,
--                quels sont les autres apiculteurs qui partagent avec lui
--                des ruchers ?".
-- Résultat     : testPartageRuchers.out
-- ============================================================================

-- ============================================================================
-- Modification du format de la date pour se conformer aux données du programme de test
-- ============================================================================

ALTER SESSION SET NLS_DATE_FORMAT = 'dd/mm/yyyy';

-- ============================================================================
-- Suppression des nuplets de la base de données.
-- ============================================================================

@../utilitaires/vider_base_ruche.sql

-- ============================================================================
-- Jeu de test pour le domaine valide :
-- ============================================================================

-- Cas 1 : Un apiculteur qui possède une seule ruche, dans un rucher occupé
--         par une ruche de Jean Martin.
-- L'apiculteur :
INSERT INTO APICULTEUR (IDAPI, NOMAPI, PRENOMAPI, TELAPI, MAILAPI, ADRAPI)
VALUES (2, 'EX', 'Copie', '0611223344', 'exemple2@mail.org', 'Exemple Ville');
-- Les ruchers :
INSERT INTO RUCHER (IDRUCHER, TYPEMIEL)
VALUES (1, 'acacia');
INSERT INTO RUCHER (IDRUCHER, TYPEMIEL)
VALUES (2, 'sapin');
INSERT INTO RUCHER (IDRUCHER, TYPEMIEL)
VALUES (3, 'colza');
INSERT INTO RUCHER (IDRUCHER, TYPEMIEL)
VALUES (4, 'thym');
-- La ruche :
INSERT INTO RUCHE (IDRU, NBCADRE, IDAPI, IDRUCHER)
VALUES (3, 10, 2, 1);

-- Cas 2 : Un apiculteur qui possède plusieurs ruches, dont plusieurs sont dans
--         un rucher occupé par une ruche de Jean MARTIN.
-- L'apiculteur :
INSERT INTO APICULTEUR (IDAPI, NOMAPI, PRENOMAPI, TELAPI, MAILAPI, ADRAPI)
VALUES (3, 'AEQUO', 'Immitation', '0611223344', 'exemple3@mail.org', 'Exemple Ville');
-- La ruche :
INSERT INTO RUCHE (IDRU, NBCADRE, IDAPI, IDRUCHER)
VALUES (4, 10, 3, 1);
INSERT INTO RUCHE (IDRU, NBCADRE, IDAPI, IDRUCHER)
VALUES (5, 10, 3, 2);
INSERT INTO RUCHE (IDRU, NBCADRE, IDAPI, IDRUCHER)
VALUES (6, 10, 3, 3);

-- ============================================================================
-- Jeu de test pour le domaine invalide :
-- ============================================================================

-- Cas 3 : Jean MARTIN, qui ne doit pas être renvoyé.
-- L'apiculteur :
INSERT INTO APICULTEUR (IDAPI, NOMAPI, PRENOMAPI, TELAPI, MAILAPI, ADRAPI)
VALUES (1, 'MARTIN', 'Jean', '0611223344', 'exemple1@mail.org', 'Exemple Ville');
-- Les ruches :
INSERT INTO RUCHE (IDRU, NBCADRE, IDAPI, IDRUCHER)
VALUES (1, 10, 1, 1);
INSERT INTO RUCHE (IDRU, NBCADRE, IDAPI, IDRUCHER)
VALUES (2, 10, 1, 2);

-- Cas 4 : Un apiculteur qui possède des ruches, mais pas dans un rucher occupé
--         par une ruche de Jean MARTIN.
-- L'apiculteur :
INSERT INTO APICULTEUR (IDAPI, NOMAPI, PRENOMAPI, TELAPI, MAILAPI, ADRAPI)
VALUES (4, 'Example4', 'EXAMPLE4', '0611223344', 'exemple4@mail.org', 'Exemple Ville');
-- Les ruches :
INSERT INTO RUCHE (IDRU, NBCADRE, IDAPI, IDRUCHER)
VALUES (7, 10, 4, 3);
INSERT INTO RUCHE (IDRU, NBCADRE, IDAPI, IDRUCHER)
VALUES (8, 10, 4, 4);

-- Cas 5 : Un apiculteur qui ne possède aucune ruche.
-- L'apiculteur :
INSERT INTO APICULTEUR (IDAPI, NOMAPI, PRENOMAPI, TELAPI, MAILAPI, ADRAPI)
VALUES (5, 'Example5', 'EXAMPLE5', '0611223344', 'exemple5@mail.org', 'Exemple Ville');

-- ============================================================================
-- Gestion de l'affichage du fichier résultat :
-- ============================================================================

SPOOL partageRuchers/testPartageRuchers.out

PROMPT Fichier resultat du test : testPartageRuchers.out
@../utilitaires/presentation_ruche.sql
@../utilitaires/afficher_base_ruche.sql

-- ============================================================================
-- Requête à tester :
-- ============================================================================

PROMPT Resultat de la requete :
SET echo ON
@partageRuchers/partageRuchers.sql
SET echo OFF

-- ============================================================================
-- Fin du programme de test
-- ============================================================================

SPOOL OFF